1942443 composite?
False
Is 65243833 composite?
True
Is 2129909 prime?
False
Is 766861 prime?
True
Is 21149587 composite?
True
Is 943991 a composite number?
True
Is 1991167 composite?
True
Is 660241 composite?
False
Is 8474537 a prime number?
True
Is 38248721 a prime number?
False
Is 206519 a prime number?
True
Is 8893031 composite?
True
Is 24389857 a prime number?
True
Is 289983769 a composite number?
True
Is 3501391 prime?
True
Is 48794803 composite?
True
Is 851483 prime?
False
Is 2093083 a composite number?
True
Is 4784491 a composite number?
True
Is 107791571 a composite number?
False
Is 474495181 prime?
True
Is 276319 composite?
False
Is 11742959 prime?
True
Is 2002087 a composite number?
True
Is 16080047 prime?
True
Is 208792637 prime?
False
Is 63314101 prime?
False
Is 14815511 a composite number?
False
Is 13608799 a prime number?
True
Is 161340541 composite?
True
Is 244185119 a composite number?
False
Is 168742421 a composite number?
True
Is 206449 a prime number?
False
Is 8141249 composite?
True
Is 271507067 composite?
True
Is 515227 composite?
False
Is 4837297 a prime number?
True
Is 10487527 a prime number?
False
Is 474163 a prime number?
True
Is 1396987 a prime number?
True
Is 21943 a composite number?
False
Is 15787111 prime?
False
Is 540468077 prime?
False
Is 72869287 a prime number?
False
Is 4124543 a prime number?
False
Is 27359845 a composite number?
True
Is 37940101 a composite number?
False
Is 1104569 composite?
True
Is 15094111 a prime number?
False
Is 21506297 prime?
False
Is 57730927 composite?
True
Is 244738349 composite?
True
Is 53903891 a composite number?
False
Is 12833387 a composite number?
True
Is 47366383 a prime number?
True
Is 28732255 a composite number?
True
Is 890326207 composite?
True
Is 31483081 a composite number?
True
Is 28663421 a composite number?
False
Is 10868909 a composite number?
False
Is 140678035 composite?
True
Is 5292143 a composite number?
False
Is 3797743 a prime number?
True
Is 829681705 prime?
False
Is 81371557 a prime number?
False
Is 17554487 composite?
False
Is 2913607 prime?
True
Is 4950863 composite?
True
Is 15803353 a prime number?
False
Is 427954057 a composite number?
False
Is 168722329 prime?
True
Is 36012107 a prime number?
True
Is 1329127 prime?
True
Is 179489 a composite number?
True
Is 1483919 a prime number?
False
Is 35928014 prime?
False
Is 800399 prime?
True
Is 4459781 composite?
False
Is 3989119 a composite number?
False
Is 22671973 a prime number?
False
Is 2180747 composite?
False
Is 7761613 composite?
False
Is 3980829 a prime number?
False
Is 13750181 a composite number?
False
Is 72446889 a prime number?
False
Is 128208481 composite?
False
Is 6295811 a prime number?
True
Is 235003147 a prime number?
True
Is 15881081 composite?
False
Is 577091 a composite number?
True
Is 31471795 a prime number?
False
Is 16306601 a prime number?
False
Is 31600619 a prime number?
True
Is 1321927 a prime number?
True
Is 574582 a prime number?
False
Is 30543197 a prime number?
True
Is 180769129 a composite number?
False
Is 410909 composite?
True
Is 191728214 a prime number?
False
Is 42539087 composite?
False
Is 59459171 prime?
True
Is 17606837 a prime number?
True
Is 2134453 a prime number?
False
Is 19225743 prime?
False
Is 10016299 composite?
True
Is 1479409 a prime number?
True
Is 249499537 prime?
False
Is 152261 prime?
False
Is 118551187 composite?
True
Is 10527749 composite?
True
Is 1863341 composite?
True
Is 24973987 a composite number?
False
Is 390809 a composite number?
False
Is 4103677 a prime number?
False
Is 3432983 prime?
True
Is 98095013 a composite number?
True
Is 77799649 a composite number?
False
Is 31196281 composite?
False
Is 4476707 a composite number?
False
Is 1472673 prime?
False
Is 94708697 a composite number?
False
Is 256913051 composite?
False
Is 491681 a prime number?
False
Is 4238687 prime?
True
Is 63772154 a composite number?
True
Is 59316099 prime?
False
Is 164789983 composite?
True
Is 5356082 a composite number?
True
Is 123924981 a prime number?
False
Is 2279267 composite?
True
Is 1457317 composite?
True
Is 256725803 a composite number?
False
Is 11163239 prime?
False
Is 19129991 a prime number?
False
Is 7575329 composite?
False
Is 423481 prime?
True
Is 177968199 a composite number?
True
Is 2220193 a composite number?
False
Is 59854877 prime?
True
Is 45171587 a prime number?
True
Is 248439403 a prime number?
True
Is 181811291 a prime number?
True
Is 3638447 a composite number?
True
Is 885623 a prime number?
True
Is 4856963 a prime number?
True
Is 3144551 composite?
False
Is 3534863 a composite number?
False
Is 3100623989 composite?
False
Is 48791387 a composite number?
False
Is 5385895 composite?
True
Is 78284831 a prime number?
False
Is 2357527 composite?
False
Is 1500593 prime?
True
Is 2256197 a composite number?
False
Is 1244482 a prime number?
False
Is 2890501 prime?
False
Is 356591 a composite number?
False
Is 17451677 a prime number?
False
Is 3347161 prime?
True
Is 36757139 composite?
False
Is 14313703 a prime number?
False
Is 117000017 a composite number?
True
Is 166766603 prime?
False
Is 117293279 composite?
False
Is 267710291 prime?
False
Is 14224549 a composite number?
True
Is 101644813 prime?
False
Is 3966223 composite?
False
Is 143414949 a prime number?
False
Is 2651221 a composite number?
True
Is 589903 a prime number?
True
Is 312206687 a prime number?
False
Is 28399451 composite?
True
Is 49077511 prime?
False
Is 55874579 a prime number?
False
Is 8691509 composite?
False
Is 33805 a prime number?
False
Is 28062929 a prime number?
False
Is 60313309 composite?
True
Is 346414591 prime?
False
Is 37252342 a prime number?
False
Is 684713 a prime number?
True
Is 117404197 prime?
False
Is 9140487 composite?
True
Is 106261 a composite number?
False
Is 6521458 a prime number?
False
Is 753497 composite?
False
Is 5087087 prime?
True
Is 48512879 a prime number?
False
Is 49109573 a composite number?
True
Is 4602361 prime?
False
Is 13906301 composite?
True
Is 133606439 composite?
True
Is 20077039 prime?
False
Is 1284209 a prime number?
True
Is 3448817 a composite number?
False
Is 10792921 a prime number?
True
Is 61838339 a prime number?
True
Is 2572001 a prime number?
True
Is 36449899 prime?
True
Is 8352521 composite?
True
Is 45892949 composite?
True
Is 239311439 composite?
False
Is 323419 a prime number?
True
Is 1649551 composite?
True
Is 2803261 a composite number?
True
Is 39399181 composite?
False
Is 71707327 prime?
True
Is 18629327 a composite number?
False
Is 1294747 a prime number?
False
Is 5719871 a composite number?
True
Is 7684909 prime?
False
Is 9944939 composite?
False
Is 18921317 a prime number?
True
Is 10358251 composite?
False
Is 10752659 prime?
False
Is 2915441 prime?
True
Is 29755681 composite?
False
Is 1007549 a prime number?
True
Is 14441893 a prime number?
True
Is 142958401 prime?
False
Is 7958267 prime?
False
Is 213558049 a prime number?
True
Is 4720631 a composite number?
True
Is 9906263 prime?
True
Is 38303679 a prime number?
False
Is 6431167 prime?
False
Is 379038883 a composite number?
True
Is 29383307 prime?
True
Is 1029499 a composite number?
False
Is 594577441 prime?
True
Is 7184426 a composite number?
True
Is 88078033 composite?
False
Is 9951247 prime?
False
Is 1026444187 a prime number?
True
Is 195263963 a prime number?
True
Is 17359273 a composite number?
True
Is 9889097 prime?
False
Is 580523721 composite?
True
Is 152504699 a prime number?
True
Is 55266667 a composite number?
False
Is 613661 a composite number?
False
Is 127293929 prime?
False
Is 29991209 composite?
True
Is 5044213 a prime number?
False
Is 4915493 composite?
True
Is 4625263 composite?
False
Is 7741561 a prime number?
True
Is 19206123 a composite number?
True
Is 4728803 a prime number?
False
Is 24116189 a prime number?
False
Is 21757091 a composite number?
False
Is 273690731 composite?
True
Is 3071823 a prime number?
False
Is 1656731 composite?
True
Is 25042919 a composite number?
True
Is 3570331 a composite number?
True
Is 291636853 a prime number?
False
Is 6608963 a prime number?
False
Is 4707811 a prime number?
False
Is 3135687 composite?
True
Is 11810999 prime?
True
Is 3299587 composite?
True
Is 114492149 prime?
True
Is 22844203 composite?
True
Is 2627167 a prime nu